, 59
What are the prime factors of 106254?
2, 3, 5903
List the prime factors of 3850.
2, 5, 7, 11
List the prime factors of 8652.
2, 3, 7, 103
List the prime factors of 55349.
7, 7907
What are the prime factors of 12982?
2, 6491
List the prime factors of 475.
5, 19
What are the prime factors of 108681?
3, 17, 2131
What are the prime factors of 1287?
3, 11, 13
List the prime factors of 5547.
3, 43
What are the prime factors of 82215?
3, 5, 7, 29
What are the prime factors of 56973?
3, 7, 2713
List the prime factors of 10916.
2, 2729
List the prime factors of 3438.
2, 3, 191
What are the prime factors of 7321?
7321
What are the prime factors of 4952?
2, 619
List the prime factors of 2373.
3, 7, 113
What are the prime factors of 51383?
51383
What are the prime factors of 2073?
3, 691
List the prime factors of 14800.
2, 5, 37
List the prime factors of 2249.
13, 173
What are the prime factors of 725?
5, 29
List the prime factors of 23736.
2, 3, 23, 43
List the prime factors of 1878.
2, 3, 313
List the prime factors of 2344.
2, 293
List the prime factors of 44180.
2, 5, 47
What are the prime factors of 58266?
2, 3, 13, 83
What are the prime factors of 9355?
5, 1871
What are the prime factors of 7323?
3, 2441
What are the prime factors of 1743?
3, 7, 83
List the prime factors of 22895.
5, 19, 241
List the prime factors of 553.
7, 79
List the prime factors of 200.
2, 5
What are the prime factors of 6946?
2, 23, 151
List the prime factors of 1599.
3, 13, 41
List the prime factors of 17769.
3, 5923
List the prime factors of 37831.
37831
List the prime factors of 2380.
2, 5, 7, 17
What are the prime factors of 1661?
11, 151
What are the prime factors of 7843?
11, 23, 31
List the prime factors of 5626.
2, 29, 97
What are the prime factors of 28099?
28099
What are the prime factors of 4131?
3, 17
What are the prime factors of 6073?
6073
List the prime factors of 42599.
41, 1039
List the prime factors of 17732.
2, 11, 13, 31
List the prime factors of 1823.
1823
What are the prime factors of 39346?
2, 103, 191
What are the prime factors of 77884?
2, 19471
List the prime factors of 31154.
2, 37, 421
What are the prime factors of 1631?
7, 233
List the prime factors of 1168.
2, 73
List the prime factors of 4981.
17, 293
List the prime factors of 7037.
31, 227
What are the prime factors of 553?
7, 79
What are the prime factors of 6545?
5, 7, 11, 17
List the prime factors of 454.
2, 227
List the prime factors of 13429.
13, 1033
List the prime factors of 3897.
3, 433
What are the prime factors of 72054?
2, 3, 4003
List the prime factors of 483.
3, 7, 23
What are the prime factors of 48705?
3, 5, 17, 191
List the prime factors of 5430.
2, 3, 5, 181
List the prime factors of 2395.
5, 479
What are the prime factors of 2047?
23, 89
List the prime factors of 24579.
3, 2731
What are the prime factors of 42227?
42227
List the prime factors of 2503.
2503
What are the prime factors of 5324?
2, 11
List the prime factors of 44048.
2, 2753
List the prime factors of 140.
2, 5, 7
What are the prime factors of 155351?
7, 22193
List the prime factors of 12573.
3, 11, 127
List the prime factors of 473.
11, 43
What are the prime factors of 2845?
5, 569
What are the prime factors of 2449?
31, 79
List the prime factors of 25460.
2, 5, 19, 67
List the prime factors of 17816.
2, 17, 131
What are the prime factors of 12890?
2, 5, 1289
What are the prime factors of 2663?
2663
What are the prime factors of 12428?
2, 13, 239
What are the prime factors of 7?
7
List the prime factors of 2798.
2, 1399
List the prime factors of 59599.
107, 557
List the prime factors of 15566.
2, 43, 181
What are the prime factors of 485?
5, 97
List the prime factors of 3297.
3, 7, 157
List the prime factors of 1415.
5, 283
List the prime factors of 5586.
2, 3, 7, 19
What are the prime factors of 149797?
163, 919
List the prime factors of 14625.
3, 5, 13
List the prime factors of 93945.
3, 5, 6263
List the prime factors of 3997.
7, 571
List the prime factors of 39233.
39233
List the prime factors of 6201.
3, 13, 53
What are the prime factors of 5965?
5, 1193
What are the prime factors of 3725?
5, 149
What are the prime factors of 1829?
31, 59
List the prime factors of 2157.
3, 719
List the prime factors of 43459.
13, 3343
What are the prime factors of 28170?
2, 3, 5, 313
List the prime factors of 789.
3, 263
List the prime factors of 1423.
1423
What are the prime factors of 283?
283
What are the prime factors of 653?
653
List the prime factors of 14001.
3, 13, 359
List the prime factors of 13264.
2, 829
What are the prime factors of 2434?
2, 1217
List the prime factors of 843.
3, 281
What are the prime factors of 78785?
5, 7, 2251
List the prime factors of 17944.
2, 2243
What are the prime factors of 938?
2, 7, 67
List the prime factors of 51105.
3, 5, 3407
List the prime factors of 8255.
5, 13, 127
List the prime factors of 263.
263
List the prime factors of 197.
197
What are the prime factors of 3906?
2, 3, 7, 31
What are the prime factors of 6918?
2, 3, 1153
List the prime factors of 96.
2, 3
List the prime factors of 5216.
2, 163
List the prime factors of 96168.
2, 3, 4007
What are the prime factors of 8192?
2
List the prime factors of 5675.
5, 227
List the prime factors of 20916.
2, 3, 7, 83
What are the prime factors of 7933?
7933
List the prime factors of 57136.
2, 3571
List the prime factors of 16912.
2, 7, 151
List the prime factors of 17103.
3, 5701
List the prime factors of 5170.
2, 5, 11, 47
List the prime factors of 80.
2, 5
List the prime factors of 80004.
2, 3, 59, 113
What are the prime factors of 3611?
23, 157
What are the prime factors of 4689?
3, 521
What are the prime factors of 388?
2, 97
What are the prime factors of 1942?
2, 971
List the prime factors of 7770.
2, 3, 5, 7, 37
List the prime factors of 9949.
9949
What are the prime factors of 125375?
5, 17, 59
List the prime factors of 10725.
3, 5, 11, 13
What are the prime factors of 16942?
2, 43, 197
What are the prime factors of 107090?
2, 5, 10709
What are the prime factors of 2904?
2, 3, 11
What are the prime factors of 2363?
17, 139
List the prime factors of 5462.
2, 2731
What are the prime factors of 2738?
2, 37
What are the prime factors of 282?
2, 3, 47
List the prime factors of 79.
79
List the prime factors of 2771.
17, 163
List the prime factors of 60273.
3, 37, 181
List the prime factors of 3110.
2, 5, 311
List the prime factors of 28665.
3, 5, 7, 13
List the prime factors of 10157.
7, 1451
What are the prime factors of 8306?
2, 4153
List the prime factors of 15461.
15461
List the prime factors of 949.
13, 73
List the prime factors of 29121.
3, 17, 571
What are the prime factors of 338?
2, 13
List the prime factors of 27523.
17, 1619
List the prime factors of 397.
397
List the prime factors of 274.
2, 137
What are the prime factors of 205?
5, 41
List the prime factors of 33969.
3, 13, 67
List the prime factors of 648.
2, 3
List the prime factors of 14574.
2, 3, 7, 347
List the prime factors of 5007.
3, 1669
List the prime factors of 9854.
2, 13, 379
List the prime factors of 1283.
1283
What are the prime factors of 14359?
83, 173
List the prime factors of 28100.
2, 5, 281
List the prime factors of 473.
11, 43
List the prime factors of 3113.
11, 283
What are the prime factors of 370?
2, 5, 37
List the prime factors of 878.
2, 439
List the prime factors of 6980.
2, 5, 349
What are the prime factors of 1986?
2, 3, 331
List the prime factors of 22447.
22447
What are the prime factors of 15240?
2, 3, 5, 127
What are the prime factors of 2479?
37, 67
What are the prime factors of 3127?
53, 59
What are the prime factors of 718?
2, 359
List the prime factors of 19190.
2, 5, 19, 101
List the prime factors of 4786.
2, 2393
What are the prime factors of 6072?
2, 3, 11, 23
What are the prime factors of 975?
3, 5, 13
What are the prime factors of 89093?
41, 53
List the prime factors of 8408.
2, 1051
List the prime factors of 15714.
2, 3, 97
What are the prime factors of 730?
2, 5, 73
List the prime factors of 19311.
3, 41, 157
What are the prime factors of 39044?
2, 43, 227
List the prime factors of 11353.
11353
List the prime factors of 555.
3, 5, 37
What are the prime factors of 4735?
5, 947
What are the prime factors of 29707?
61, 48